3, what is -11110 + -1?
-11111
In base 12, what is 67 + -7?
60
In base 10, what is 22 - -175?
197
In base 10, what is 969 + 0?
969
In base 12, what is 85 + 220?
2a5
In base 5, what is 10044 + 14?
10113
In base 3, what is -112 + -22?
-211
In base 12, what is 4 - 9b?
-97
In base 5, what is 24 - 1202?
-1123
In base 12, what is 4 + 7b?
83
In base 2, what is -10 + 10111001000?
10111000110
In base 6, what is 2 + 2?
4
In base 8, what is 0 - 13464?
-13464
In base 10, what is -751 + -16?
-767
In base 11, what is a4 + -1?
a3
In base 9, what is 52 + 4?
56
In base 13, what is 29a - -1?
29b
In base 13, what is -1 - 2bc?
-2c0
In base 7, what is 5 - 43?
-35
In base 11, what is 4 + 2622?
2626
In base 7, what is -2665 + -5?
-3003
In base 9, what is 33672 + 4?
33676
In base 3, what is 1011 + -1122?
-111
In base 4, what is 2022 - -1?
2023
In base 10, what is 5 - 2928?
-2923
In base 12, what is -4b - -5?
-46
In base 2, what is 0 + -1110001100111?
-1110001100111
In base 8, what is -11 - -225?
214
In base 2, what is 100 + -1000?
-100
In base 10, what is -3 - 666?
-669
In base 11, what is 360 - 0?
360
In base 6, what is 50 - -55?
145
In base 9, what is 32 - 0?
32
In base 11, what is 4 - -31?
35
In base 6, what is -4 - 1415?
-1423
In base 2, what is -1 + 100010100010?
100010100001
In base 10, what is -4 + -150?
-154
In base 7, what is 346 + -12?
334
In base 10, what is 12 - 146?
-134
In base 15, what is 5 + -10?
-a
In base 5, what is -31 + 102?
21
In base 10, what is 4 + 45?
49
In base 4, what is -3232 + 1?
-3231
In base 3, what is -12020 + 2?
-12011
In base 3, what is 12002022 - 2?
12002020
In base 15, what is -3 + 2d?
2a
In base 16, what is 24d + 0?
24d
In base 7, what is 13 + -34?
-21
In base 2, what is 11 + -10111001110?
-10111001011
In base 13, what is -1c8 - 1?
-1c9
In base 14, what is 4 - -22?
26
In base 9, what is 1 + -214?
-213
In base 13, what is -3 - 440?
-443
In base 15, what is -226 + 2?
-224
In base 14, what is a - -43?
4d
In base 8, what is 72 - 4?
66
In base 10, what is -11 + -10?
-21
In base 12, what is 1a89 + 5?
1a92
In base 4, what is 1333 - 22?
1311
In base 8, what is 3 + -2300?
-2275
In base 12, what is -1a + 31?
13
In base 6, what is -5431 + 0?
-5431
In base 8, what is -47 + -5?
-54
In base 3, what is 100112020 - -1?
100112021
In base 14, what is -4 - -1a1?
19b
In base 8, what is 465 + 10?
475
In base 8, what is -5 - -21?
14
In base 15, what is 333d - -1?
333e
In base 10, what is -817 + 14?
-803
In base 12, what is 743 - -1?
744
In base 3, what is 11 + 2000212?
2001000
In base 5, what is -10 + 213?
203
In base 5, what is -32 - 2020?
-2102
In base 16, what is 1f78 + 3?
1f7b
In base 8, what is -44 + -1?
-45
In base 2, what is -1011001011 + 101?
-1011000110
In base 13, what is 132 + 5?
137
In base 3, what is -21 - -1112120?
1112022
In base 7, what is -2206 - -2?
-2204
In base 5, what is 243134 - 1?
243133
In base 8, what is -131 - 15?
-146
In base 10, what is 1 - 246?
-245
In base 6, what is 2 + -101?
-55
In base 15, what is 10 + 47?
57
In base 16, what is 14 + -f?
5
In base 5, what is 1244 + 3?
1302
In base 14, what is d + -2?
b
In base 13, what is -143 - 9?
-14c
In base 7, what is 4 + 2063?
2100
In base 7, what is 2 - -34?
36
In base 12, what is 3 - -b9?
100
In base 3, what is 12 + -1122?
-1110
In base 15, what is -84 - -18?
-6b
In base 10, what is 3 + -156?
-153
In base 5, what is -240 + 2?
-233
In base 15, what is -5 + -57?
-5c
In base 4, what is 11 - 10011?
-10000
In base 3, what is -12 + -1010012?
-1010101
In base 9, what is -3 - -840?
836
In base 2, what is 1 + -1001100100?
-1001100011
In base 11, what is -a + -5?
-14
In base 9, what is -5 + -52?
-57
In base 4, what is 12 + 21311?
21323
In base 11, what is 1103 - 3?
1100
In base 3, what is 10 + 2121021?
2121101
In base 15, what is 46 - 3?
43
In base 12, what is 4b - -5?
54
In base 16, what is ad + -22?
8b
In base 11, what is -4a0 + -4?
-4a4
In base 12, what is 3 + 34a?
351
In base 12, what is 23 - -b?
32
In base 11, what is 5 + -4200?
-41a6
In base 3, what is -201011 - 12?
-201100
In base 7, what is 2 - -4343?
4345
In base 8, what is -15 + 0?
-15
In base 4, what is -123102 + 3?
-123033
In base 7, what is -4 - 344?
-351
In base 2, what is -1101000100 - 100?
-1101001000
In base 4, what is -1 + -303?
-310
In base 6, what is 21 + -13?
4
In base 10, what is -27 - -5?
-22
In base 2, what is 10 + -1001010101?
-1001010011
In base 9, what is -1886 - 7?
-2004
In base 2, what is 100 + -110011101?
-110011001
In base 7, what is 3 - 2?
1
In base 4, what is 10110 + 21?
10131
In base 4, what is 32 - 1?
31
In base 13, what is -2 + -37?
-39
In base 4, what is -3 + 20232?
20223
In base 3, what is -112120210 - -12?
-112120121
In base 8, what is -1 - -511?
510
In base 3, what is 1111 - -12?
1200
In base 14, what is 188 + 1?
189
In base 16, what is 16 - 27?
-11
In base 8, what is 24 + -300?
-254
In base 6, what is 2252 + 2?
2254
In base 7, what is 4214 + -3?
4211
In base 12, what is 448 - 4?
444
In base 4, what is 11 - -1010?
1021
In base 9, what is 177 - 5?
172
In base 6, what is 45 - -2?
51
In base 8, what is 264 + 1?
265
In base 16, what is -2d8 + 0?
-2d8
In base 2, what is -11010 - -1011000011?
1010101001
In base 9, what is -811 + -12?
-823
In base 9, what is 4723 - 5?
4717
In base 2, what is -100 + 1111001111?
1111001011
In base 13, what is 5 + -b6?
-b1
In base 15, what is 2 + -1a?
-18
In base 13, what is -1 + 58?
57
In base 4, what is 23 - 1?
22
In base 5, what is -1020 - -22?
-443
In base 10, what is 4 - -148?
152
In base 8, what is 446 - 12?
434
In base 12, what is 2 + -18a?
-188
In base 10, what is -11 - -1127?
1116
In base 4, what is 10 + 2232?
2302
In base 2, what is 1010100001 - -10?
1010100011
In base 7, what is 266361 + 2?
266363
In base 15, what is -23 + -4?
-27
In base 6, what is -3342 + -24?
-3410
In base 11, what is 38 - -a?
47
In base 5, what is 10 - 32?
-22
In base 16, what is 2 - -3b7?
3b9
In base 12, what is 2 + -63?
-61
In base 9, what is -5 + -228?
-234
In base 10, what is 0 + 2?
2
In base 12, what is -4 + 30?
28
In base 10, what is 541 - -12?
553
In base 6, what is -5 + 2020?
2011
In base 9, what is 323 + 2?
325
In base 6, what is -52011 - 2?
-52013
In base 13, what is b9 + -45?
74
In base 16, what is 127 - 53?
d4
In base 11, what is 0 + 1?
1
In base 15, what is a + 1e?
29
In base 5, what is 30302 - -1?
30303
In base 2, what is -111110000 - 11000?
-1000001000
In base 4, what is 1 + -10112?
-10111
In base 3, what is 2 + -12220?
-12211
In base 15, what is 17 - 108?
-e1
In base 9, what is -17 - -33?
15
In base 16, what is -b78 - -5?
-b73
In base 11, what is 158 - 5?
153
In base 14, what is 4 - 5d4?
-5d0
In base 14, what is -3b3 + -c?
-3c1
In base 3, what is 11021 - -1?
11022
In base 7, what is 303 + 102?
405
In base 3, what is 12 - 1110?
-1021
In base 15, what is -a1 + -b?
-ac
In base 7, what is 34132 + -4?
34125
In base 8, what is -107 - 1?
-110
In base 7, what is 4 + 3445?
3452
In base 2, what is -1 - 11101110?
-11101111
In base 4, what is -111 + 1322?
1211
In base 2, what is 10 + 111100000?
111100010
In base 3, what is 10 + 20112110?
20112120
In base 5, what is 4 - -1314?
1323
In base 5, what is -201 + -4?
-210
In base 6, what is -3213 - -11?
-3202
In base 4, what is -130 + 13?
-111
In base 6, what is 2 - -22435?
22441
In base 11, what is -588 - 0?
-588
In base 3, what is 12 - -101?
120
In base 13, what is 8 + 1a?
25
In base 12, what is 20 - a?
12
In base 11, what is 9a + 0?
9a
In base 15, what is -15 - 57?
-6c
In base 13, what is -1307 - 5?
-130c
In base 14, what is 1 - d17?
-d16
In base 5, what is 310 - 0?
310
In base 11, what is -4 - 103?
-107
In base 16, what is -23b - -23?
-218
In base 5, what is 1 + -21?
-20
In base 16, what is 16 - -181?
197
In base 8, what is 3 + 2716?
2721
In base 5, what is -4 + 13430?
13421
In base 12, what is 2 - 15a?
-158
In base 15, what is 0 + -ed?
-ed
In base 11, what is 3 + -568?
-565
In base 8, what is -1 - -3177?
3176
In base 10, what is -58 - 0?
-58
In base 9, what is 6621 - 1?
6620
In base 4, what is -222 + 21?
-201
In base 11, what is -1a5 + 36?
-16a
In base 2, what is 10111000 - 1001?
10101111
In base 6, what is -3 + 405?
402
In base 15, what is 0 + -30?
-30
In base 3, what is -10 + -11211002?
-11211012
In base 10, what is 5 + -51?
-46
In base 